{"id":704,"date":"2019-05-16T19:30:41","date_gmt":"2019-05-16T19:30:41","guid":{"rendered":"http:\/\/www.kletter-reisen.com\/?page_id=704"},"modified":"2019-05-16T19:41:44","modified_gmt":"2019-05-16T19:41:44","slug":"kletterreise-tschechien","status":"publish","type":"page","link":"https:\/\/www.kletter-reisen.com\/?page_id=704","title":{"rendered":"Kletterreise Tschechien"},"content":{"rendered":"<h1><strong>3 Tage Bouldern in BOR<\/strong><\/h1>\n<p>&nbsp;<\/p>\n<p>&nbsp;<\/p>\n<h2><strong>Termine:<\/strong><\/h2>\n<p><strong>14.-16. Juni 2019<\/strong><\/p>\n<p><strong>\u00a0<\/strong><\/p>\n<p>&nbsp;<\/p>\n<h2>Allgemeine Facts:<\/h2>\n<p><strong>\u201eDas kleine Fontainebleau Tschechiens\u201c<\/strong>. Guten Gewissens kann man das Bouldergebiet BOR so bezeichnen. Wer Fontainebleau nicht kennt, es ist das beste Bouldergebiet der Welt, ausgezeichnet durch seinen hervorragenden, sanften aber festen Sandstein, der wie f\u00fcrs Klettern erschaffen zu sein scheint. N\u00e4heres zu Fontainebleau in der diesbez\u00fcglichen Kursbeschreibung.<\/p>\n<p>Eben geschw\u00e4rmtes gilt auch f\u00fcr BOR, nur eben viel kleiner. Die Beschaffenheit des Gesteins ist \u00e4hnlich, manchmal etwas rauer. Sandstein in allen Formationen und Farben. Aufleger, Leisten, L\u00f6cher. Die Kletterei bietet von Platten (eher selten) \u00fcber senkrechte und leicht \u00fcberh\u00e4ngende Wandkletterein (h\u00e4ufig) bis zu athletischen D\u00e4chern alles was das Kletterherz begehrt. Die Bl\u00f6cke sind von ganz niedrig (2m) bis hoch (5m). Von der Schwierigkeit der Boulder ist BOR eines der wenigen Gebiete wo es auch im niedrigeren Schwierigkeitsbereich gen\u00fcgend sch\u00f6ne Boulder gibt. Insgesamt gibt es in den beiden etwa 10km voneinander entfernt gelegenen Gebieten OSTAS und BOR ca 1000 Boulderprobleme von Fb 4A-Fb 8B+.<\/p>\n<p>&nbsp;<\/p>\n<h2>Location:<\/h2>\n<p>Der Bezirk Nachod liegt etwa dreieinhalb Autostunden von Dresden entfernt und bildet den s\u00fcd\u00f6stlichen Rand des Riesengebirges. Mit der bekannten Felsenstadt von Adrspach Die beiden Bouldergebiete BOR und OSTAS liegen beide ca. 10min von unserer Unterkunft in Police nad Metuji entfernt.<\/p>\n<p>&nbsp;<\/p>\n<h2>Inhalte der Boulderreise:<\/h2>\n<p>&#8230;.\u201eBouldern\u201c so lange die Finger k\u00f6nnen;), d.h. wir werden bei jedem Boulder aufs Neue gefordert sein, unsere Klettertechnik zu verbessern, zu probieren, zuzusehen, wieder zu probieren, Bewegungsm\u00f6glichkeiten zu analysieren und die Kreativit\u00e4t bei der L\u00f6sung von Bewegungsproblemen zu schulen. Dich hierbei optimal zu unterst\u00fctzen<br \/>\nverlangt von unseren Trainer\/innen\u00a0 ein besonderes Einf\u00fchlungsverm\u00f6gen und Klettertechnik auf h\u00f6chstem Niveau. Durch das Trainer\/Teilverh\u00e4ltnis von 1:3 bis max. 1:6 kann eine individuelle Betreuung geboten werden.<\/p>\n<p>&nbsp;<\/p>\n<h2>Sicherheit:<\/h2>\n<p>Bouldern = seilfreies Klettern in Absprungh\u00f6he. Wohlgemerkt nicht \u201eungesichertes\u201c Klettern. Wir werden uns gleich am ersten Tag intensiv mit dem richtigen auflegen der Matten und dem \u201eSpotten\u201c besch\u00e4ftigen, so dass alle gut aufeinander aufpassen k\u00f6nnen. Das Spotten erm\u00f6glicht es, den Kletterer m\u00f6glichst sicher auf dem Crash-Pad landen zu lassen. Die \u201eportablen Matten\u201c (Crash-Pads) erm\u00f6glichen eine weiche Landung und wenn man sie zweifach oder dreifach \u00fcbereinander legt wird das schon ziemlich komfortabel.\u00a0 Du musst kein Crash-Pad besitzen, wir nehmen je nach Bedarf gen\u00fcgend mit!<\/p>\n<p>&nbsp;<\/p>\n<p>&nbsp;<\/p>\n<h2>Verpflegung und Unterkunft:<\/h2>\n<p>Wir sind in einem kleinen Apartment mit mehreren Schlafzimmern einer Kochgelegenheit und zwei Badezimmern untergebracht. Preis: ca. 20\u20ac\/Person\/Nacht. Untertags werden wir eine Jause mitnehmen und im Wald Mittagspause machen. An den Abenden werden wir essen gehen, bzw. gibt es auch eine Kochgelegenheit in unserem Apartment. Es gibt eine gute Pizzeria und ein traditionelles tschechisches Gasthaus in der N\u00e4he.<\/p>\n<p>&nbsp;<\/p>\n<h2>Organisatorisches:<\/h2>\n<h2><\/h2>\n<ul>\n<li>Preis des Kletterkurses: \u20ac 290.- (exkl. Unterkunft, Anreise)<\/li>\n<li>Nach erfolgter Anmeldung bekommst Du Informationen zugesandt mit den organisatorischen Details.<\/li>\n<li>Die Anreise muss selbst organisiert werden. Am besten mit dem Auto, mit \u00f6ffentlichen Verkehrsmitteln ist es leider recht schwierig. Gerne Unterst\u00fctzen wir euch bei der Bildung von Fahrgemeinschaften.<\/li>\n<\/ul>\n<p>Kurszeiten: Freitag 14:00 bis Sonntag ca. 16:00<\/p>\n<p>Wir werden Freitag Nachmittags, Samstag den ganzen Tag und Sonntag bis ca. 16:00 gemeinsam bouldern.<\/p>\n","protected":false},"excerpt":{"rendered":"<p>3 Tage Bouldern in BOR &nbsp; &nbsp; Termine: 14.-16. Juni 2019 \u00a0 &nbsp; Allgemeine Facts: \u201eDas kleine Fontainebleau Tschechiens\u201c. Guten Gewissens kann man das Bouldergebiet BOR so bezeichnen. Wer Fontainebleau nicht kennt, es ist das beste Bouldergebiet der Welt, ausgezeichnet durch seinen hervorragenden, sanften aber festen Sandstein, der wie f\u00fcrs Klettern erschaffen zu sein scheint. [&hellip;]<\/p>\n","protected":false},"author":1,"featured_media":0,"parent":0,"menu_order":0,"comment_status":"closed","ping_status":"closed","template":"","meta":{"footnotes":""},"class_list":["post-704","page","type-page","status-publish","hentry"],"aioseo_notices":[],"_links":{"self":[{"href":"https:\/\/www.kletter-reisen.com\/index.php?rest_route=\/wp\/v2\/pages\/704"}],"collection":[{"href":"https:\/\/www.kletter-reisen.com\/index.php?rest_route=\/wp\/v2\/pages"}],"about":[{"href":"https:\/\/www.kletter-reisen.com\/index.php?rest_route=\/wp\/v2\/types\/page"}],"author":[{"embeddable":true,"href":"https:\/\/www.kletter-reisen.com\/index.php?rest_route=\/wp\/v2\/users\/1"}],"replies":[{"embeddable":true,"href":"https:\/\/www.kletter-reisen.com\/index.php?rest_route=%2Fwp%2Fv2%2Fcomments&post=704"}],"version-history":[{"count":4,"href":"https:\/\/www.kletter-reisen.com\/index.php?rest_route=\/wp\/v2\/pages\/704\/revisions"}],"predecessor-version":[{"id":713,"href":"https:\/\/www.kletter-reisen.com\/index.php?rest_route=\/wp\/v2\/pages\/704\/revisions\/713"}],"wp:attachment":[{"href":"https:\/\/www.kletter-reisen.com\/index.php?rest_route=%2Fwp%2Fv2%2Fmedia&parent=704"}],"curies":[{"name":"wp","href":"https:\/\/api.w.org\/{rel}","templated":true}]}}